lculate b(d).
-6
Let z(q) be the second derivative of q + 0*q**2 + 0*q**6 - 1/3*q**3 + 0*q**5 + 0 + 0*q**4 + 1/420*q**7. Let a(x) be the second derivative of z(x). Give a(1).
2
Let s(g) = -g**3 + 5*g**2 - 5*g + 3. Let d be s(4). Let f(u) = 5*u**3 + u**2 - 1. Let p be f(d). Let l(q) = -q + 1. Determine l(p).
6
Let y(g) = -3*g + 4. Let z(r) = r - 1. Let w(p) = -2*y(p) - 7*z(p). What is w(6)?
-7
Let q(c) = c**2 - 4*c + 4. Let j(n) = -n + 15. Let x be j(10). Calculate q(x).
9
Let v(w) be the third derivative of -w**5/60 + w**4/24 - 2*w**3/3 - 14*w**2. What is v(0)?
-4
Suppose 14 = -2*p + 2. Let b(z) = 2*z + 4. What is b(p)?
-8
Let k(c) be the first derivative of 2*c**3/3 - 2*c**2 - c - 2. Let b be k(3). Let w(z) = -2*z**2 - 5 + 14*z + z**2 - 7*z. Give w(b).
5
Let j(t) = -3*t**2 - t**3 + t + 2*t**3 + 3*t - 2*t**2. Give j(3).
-6
Let w(x) = -4*x + x**3 + 5 + 0*x - x**2 + 5*x**2 - 1. What is w(-5)?
-1
Let d be 15/(-264) + (-8)/(-44). Let x(z) be the third derivative of -1/6*z**3 + 0 + 2*z**2 + 0*z + d*z**4. Calculate x(3).
8
Let z(f) = -f. Let i = 1 + 6. Give z(i).
-7
Suppose q = -0*v + 4*v + 18, -25 = 3*v + 5*q. Let k(i) = i**2 + 3*i + 3. Give k(v).
13
Let f(d) = -d**2 - 9*d - 4. Let n be f(-8). Let t(o) = 100*o**3 - 4*o + 9*o**2 + 4 - n*o**2 - 99*o**3. Give t(-6).
-8
Let w(u) = u + 1. Let q(l) = l**2 + 3*l + 4. Let f(v) = -q(v) - 2*w(v). Give f(-6).
-12
Let i(r) = r**2 - r - 8. Let g(s) = -s**2 + 15*s - 14. Let c be g(14). Determine i(c).
-8
Let y(a) = -a. Let m(c) = -7*c - 1. Let h(t) = m(t) - 5*y(t). What is h(3)?
-7
Let g be 6/10 + (85/25 - 3). Let d(s) = -s**3 - 2*s**2 + 1. Calculate d(g).
-2
Let g(l) = -3*l**2 + 8*l. Let s(k) = k**2 + 6*k + 3. Let n be s(-4). Let o(r) = 10*r - 11*r**2 + 7*r + 4*r**2 + 1. Let q(t) = n*g(t) + 2*o(t). What is q(4)?
-6
Let m(g) = -9*g - 2. Let k(r) = -9*r - 2. Let l(h) = -2*k(h) + 3*m(h). Let j(p) = -p**2 + p. Let f be j(-1). Calculate l(f).
16
Let g(q) = 13*q. Let k be (-11)/13 + 26/(-169). Determine g(k).
-13
Let j(x) = x**3 - 6*x**2 + 4*x + 1. Suppose 3*i + 4 = -5*n - 6, i = -n. What is j(i)?
-4
Let j(w) = w**3 + 6*w**2 + 5*w + 2. Let v be (24/36)/((-5)/((-75)/(-2))). Give j(v).
2
Let j(g) = -g**3 - g + 3. Let a(w) = -w**2 + 4*w. Suppose -3 = -o + 1. Let r be a(o). What is j(r)?
3
Let n(x) be the first derivative of x**4/4 - x**3 + x**2/2 - 3. Let i be n(3). Let m(v) = -v**3 + 5*v**2 - 5*v + 4. Determine m(i).
7
Let a(g) = -7*g**2 + 3*g + 4. Let v(p) = 14*p**2 - 5*p - 9. Let j(o) = 7*a(o) + 3*v(o). Let f(k) = -k**2 + k. Let h(n) = -6*f(n) + j(n). Give h(-2).
-3
Let j(k) = -k + 3*k - k. Suppose -4*t - 37 = -5*z - 0*t, -2*z + 3*t + 19 = 0. Let n = 11 - z. Calculate j(n).
6
Let o be 228/10 + 2/10. Suppose 0*y - 4*y = -5*g + o, 4*y = -5*g + 7. Let r(f) = f**3 - 3*f**2 + f - 4. What is r(g)?
-1
Let y be 3*1/(12/(-8)). Let s be (-1)/y*(-2 - 2). Let c(w) = 2*w**2 + 2*w - 2. What is c(s)?
2
Let u(r) be the second derivative of 1/12*r**4 + 1/2*r**2 + 0 + 0*r**3 + 2*r. Give u(0).
1
Let f(p) = p - 4. Let k(s) = 4*s - 2. Let w be k(-1). What is f(w)?
-10
Let d(n) be the first derivative of n**2/2 - 3*n - 3. Determine d(-4).
-7
Let l(h) = 4 + 5 - h + 1 - 2. What is l(6)?
2
Let o(g) = -549 + 549 - g**2 - 3*g**3 + 2*g**3. Let i = 2 - 4. Calculate o(i).
4
Let b be 2 + -2 - (-15 + 2). Let x = 18 - b. Let d(q) = q**2 - 8*q + 4. What is d(x)?
-11
Suppose -1 = 2*z + 15. Let l(d) = d**2 + 10*d + 10. Determine l(z).
-6
Let k(p) be the first derivative of 3 + 1/4*p**4 + 3/2*p**2 + p + 5/3*p**3. Give k(-4).
5
Let r(h) be the third derivative of h**6/120 + h**5/15 - h**4/6 - h**3 - 22*h**2. Give r(-4).
10
Let c(z) = 9*z - 2*z**2 - 3*z**2 - z**3 + 7 + 14*z - 20*z. Determine c(-5).
-8
Let g(u) = -8 + 0*u + 2*u + u - 4*u. What is g(-6)?
-2
Let i(p) = 0*p + 5*p**2 + 5 - 4 - 2*p. Suppose -v = -3*v + 2. Calculate i(v).
4
Let l be 2/(-3 + (-11)/(-3)). Suppose j = -3*j - l*s + 2, 10 = -5*s. Let a(i) = 0*i - 3*i**2 + j*i**2 + 2*i + 4 + 4*i. What is a(6)?
4
Let o(m) = 0*m + 0*m + 10 - 5 + m. Let n = -8 + 5. What is o(n)?
2
Let o(n) = n**2 + 4*n + 1. Suppose 0 = -2*z - 0*z + 8. Let f(v) = z - 7 + v**2 + v + 0. Let y be f(0). What is o(y)?
-2
Let t(g) = g + 4. Let m(d) = -1. Let n(u) = 5*m(u) + t(u). Calculate n(6).
5
Suppose -5*u = -25, -2*o + 6*o - 4*u = -140. Let j be 2/7 - o/42. Let k(b) = -2*b. Calculate k(j).
-2
Let a(x) be the first derivative of x**3/3 + 4. Suppose 0*q - 2 = q. Let w be -1 - q - (-1 - -1). What is a(w)?
1
Let b(c) = -2*c - 325*c**2 - 2*c**3 + 646*c**2 - 318*c**2. Calculate b(2).
-8
Let t(z) be the first derivative of -z**4/4 - 7*z**3/3 - 5*z**2/2 + 3*z + 33. What is t(-6)?
-3
Suppose 0*t = -10*t + 10. Let q(n) = 15*n - 2. Let k(u) = 2 + 4 - 5 - 7*u. Let f(m) = 7*k(m) + 3*q(m). Calculate f(t).
-3
Let g(d) = -7*d + 6. Suppose 0 = 3*x - x + 2. Let r(s) = s + 1. Let h(p) = -3*p - 1. Let t(z) = h(z) + 2*r(z). Let u(i) = x*g(i) + 6*t(i). Determine u(-5).
-5
Let p be (-1 - 1 - -5) + -2. Let t(f) = -f - f**2 + 2*f**2 + 7*f**3 + 0*f**2. Determine t(p).
7
Let r be (-84)/7*4/(-6). Let c(j) = j**3 - 7*j**2 - 10*j + 10. Calculate c(r).
-6
Let k(z) = -11*z - 1. Let n(c) = -c. Let u(f) = k(f) - 5*n(f). Give u(-1).
5
Suppose 0 = 3*t + 3, -5*h - t = -6*t - 30. Let m(c) = 2*c - 4. Determine m(h).
6
Let c(a) = -a. Let r(h) = h - 3. Let u(g) = -2*c(g) - r(g). What is u(-2)?
1
Let d be 6/(-4)*(-2)/(-3). Let a(b) = -b**2 - 1. Let c(s) = 3*s**2 - 3*s + 7. Let x(t) = d*c(t) - 4*a(t). Give x(-4).
1
Let u(i) = -2*i + 2*i - 2 + 0*i + 2*i. Let j(w) = w**3 - 4*w**2 + 3*w. Let k be j(2). Let f = 2 - k. Give u(f).
6
Let g be (-4)/14 - (-16)/7. Let x(m) = m + 8. Let u be x(-2). Let z(q) = g + 0*q + 0 - 5 + u*q. Determine z(2).
9
Let i(g) = g - 7. Let s(p) = -2*p + 15. Let y(k) = -9*i(k) - 4*s(k). What is y(5)?
-2
Let g be (6/7)/(4 + 160/(-42)). Let o(w) be the first derivative of -2 - g*w**2 + 0*w. Give o(-1).
9
Let k(a) be the first derivative of -2 + 2*a + 1/4*a**4 + 5/3*a**3 + 3/2*a**2. Determine k(-4).
6
Suppose -j + 4*f = j, j + 3*f + 10 = 0. Let p(k) be the first derivative of -4 + k - 1/2*k**2. Determine p(j).
5
Suppose -4*r - 5 = 3*f, -2*f - 6*r + 4*r = 6. Let p(g) = g**2 + 7*g + 4. Let l be p(f). Let a be (-5 + 0)*l/(-4). Let d(t) = t**2 - 5*t. Determine d(a).
0
Let f(v) = 0*v + 3 + 7*v - 1. What is f(-3)?
-19
Let t(y) = -2*y - 8. Let z be (-24)/4 - 3 - 0. Give t(z).
10
Let u be ((-1)/(-2))/((-2)/16). Suppose -3*p + 8*p = 20. Let i(h) = -6 + p - h**2 - 4*h + 0. Calculate i(u).
-2
Let n(b) be the third derivative of b**5/60 + b**4/2 + b**3/3 + b**2. Calculate n(-12).
2
Suppose 2 = -3*l + 2*l. Let y(x) = -x - 4. Let h(n) = -1. Let v(k) = l*y(k) + 6*h(k). Suppose -w + 0 - 3 = 0, 11 = 2*j - 5*w. Determine v(j).
-2
Let j(d) = -15*d**2 + 2*d + 11. Let o(z) = 10*z**2 - z - 7. Let u(t) = 5*j(t) + 8*o(t). Calculate u(-2).
15
Let m(d) = -d + 3. Let q(k) = k + 1. Let f(p) = -m(p) + 2*q(p). Calculate f(1).
2
Let k(j) = j**3 - 3 - j + 3 + j**2. Let u(i) = -2*i - 2 - 3*i + 6*i**2 - 5*i**2. Let n be u(5). Calculate k(n).
-2
Let a(h) = -h**2 + 1. Suppose 0 = 2*b - 2. Let u(l) = 3*l**2 - l**3 - 9*l**2 - 70*l + 9 + 76*l. Let m(i) = b*u(i) - 3*a(i). Determine m(-4).
-2
Suppose -2 = 2*h - 6. Let z be -1*h/(-2)*1. Let t = z + 4. Let j(a) = a - 5. Give j(t).
0
Let u(h) = -4*h**3 + h**2 + h - 1. Let q(m) = -m + 4. Let c be q(4). Let o be (-4)/(-2) - c/(-1). Suppose t - o = d, 0 = 5*t + 6*d - 2*d - 1. What is u(t)?
-3
Let w(k) = k - 4. Suppose 6*h - 2*h = 0. Let u be (0 - -1 - h)*2. Determine w(u).
-2
Suppose -3*r - 3*c = c - 17, -c + 4 = r. Let q(s) = -s. What is q(r)?
1
Let d(h) = h + 2. Let q(c) = 3*c + 8. Let r(i) = -9*i**3. Let m be r(-1). Let w(s) = m*d(s) - 2*q(s). Suppose 0 = -b - 0 - 2. Determine w(b).
-4
Let q(o) be the third derivative of 0*o**3 + 2/15*o**5 - 1/24*o**4 - 4*o**2 + 0*o + 0. Determine q(1).
7
Let q(s) = 0*s - 4*s + 3*s. Determine q(0).
0
Let c(g) = g**2 + g - 3. Let a be (2/(-1))/2 + 4. Suppose 0 = -2*s - a*s + 5. Let n(v) = -2*v - 1. Let o be n(s). Give c(o).
3
Let z(w) = -w**2 + 1. Let y be 9/(-2 - 21/(-6)). Suppose 8 = -2*i + y. What is z(i)?
0
Let m(q) = 5*q - 4. Let b(h) = h**3 + 4*h**2 - 7*h - 7. Let o be b(-5). What is m(o)?
11
Let h(r) be the first derivative of r**4/4 - r**3 + r**2/2 - r + 4. Let y = 2 + 0. What is h(y)?
-3
Let k(b